4493 composite?
True
Is 1534289 a prime number?
True
Is 10897 a prime number?
False
Is 1106029 a prime number?
True
Is 36059 composite?
True
Is 214433 a composite number?
False
Is 973127 a prime number?
False
Is 15763 a prime number?
False
Is 25495 a composite number?
True
Is 66169 composite?
False
Is 6389 composite?
False
Is 174917 a composite number?
False
Is 20219 prime?
True
Is 289717 a composite number?
False
Is 2063 a composite number?
False
Is 562739 composite?
False
Is 9199 composite?
False
Is 34093 a composite number?
True
Is 117541 composite?
False
Is 501386 composite?
True
Is 6467 a prime number?
False
Is 2357 composite?
False
Is 24193 composite?
True
Is 5143 a composite number?
True
Is 15259 composite?
False
Is 793 prime?
False
Is 7219 a prime number?
True
Is 249173 a prime number?
False
Is 68963 a composite number?
False
Is 40423 a prime number?
True
Is 2653 a prime number?
False
Is 56557 a prime number?
False
Is 3453 a composite number?
True
Is 261197 a prime number?
False
Is 195527 prime?
True
Is 64397 a composite number?
True
Is 951 a composite number?
True
Is 1824311 composite?
True
Is 13173 a composite number?
True
Is 208099 a prime number?
True
Is 29105 a prime number?
False
Is 70427 a composite number?
True
Is 770417 prime?
True
Is 299983 composite?
False
Is 1895 a composite number?
True
Is 85781 a prime number?
True
Is 508637 a prime number?
True
Is 24611 a prime number?
True
Is 4661 composite?
True
Is 102101 a composite number?
False
Is 185 prime?
False
Is 323567 a composite number?
False
Is 57871 composite?
True
Is 45683 a prime number?
False
Is 344041 composite?
True
Is 443411 a prime number?
False
Is 7559 prime?
True
Is 5557 prime?
True
Is 85279 prime?
False
Is 37871 prime?
True
Is 163831 a prime number?
False
Is 43889 a composite number?
False
Is 502121 composite?
False
Is 3859693 composite?
False
Is 2039 composite?
False
Is 117969 a composite number?
True
Is 13217 prime?
True
Is 102293 prime?
True
Is 434101 prime?
False
Is 41045 composite?
True
Is 4135 a composite number?
True
Is 803587 a prime number?
True
Is 1584071 prime?
False
Is 21797 a prime number?
False
Is 73429 a composite number?
True
Is 17521 prime?
False
Is 1843 a composite number?
True
Is 150697 composite?
False
Is 1542533 a composite number?
False
Is 433967 a prime number?
True
Is 18833 a prime number?
False
Is 316531 prime?
True
Is 6467 a prime number?
False
Is 883 a prime number?
True
Is 3737 composite?
True
Is 23971 prime?
True
Is 49009 a composite number?
False
Is 59951 prime?
True
Is 17817 a composite number?
True
Is 51257 a prime number?
True
Is 1890361 a prime number?
False
Is 246917 a prime number?
False
Is 7633 a prime number?
False
Is 34793 a composite number?
True
Is 582969 a composite number?
True
Is 26083 a prime number?
True
Is 38993 a prime number?
True
Is 4511 composite?
True
Is 10753 a composite number?
False
Is 5834 prime?
False
Is 22889 prime?
False
Is 5347 prime?
True
Is 2475199 a composite number?
False
Is 3871657 a prime number?
True
Is 151529 a prime number?
False
Is 7261 a composite number?
True
Is 89561 a composite number?
False
Is 30829 composite?
False
Is 5413 prime?
True
Is 28789 composite?
False
Is 135193 a composite number?
False
Is 20467 composite?
True
Is 36734 composite?
True
Is 193649 composite?
False
Is 1921 a composite number?
True
Is 137923 a composite number?
True
Is 49103 prime?
True
Is 36689 prime?
False
Is 46561 a composite number?
True
Is 22247 composite?
False
Is 66647 a prime number?
False
Is 505 prime?
False
Is 191413 prime?
True
Is 39211 prime?
False
Is 28739 composite?
True
Is 7013 a composite number?
False
Is 12611 a prime number?
True
Is 57801 composite?
True
Is 2839 composite?
True
Is 17521 prime?
False
Is 1537 a prime number?
False
Is 46793 a composite number?
True
Is 62362 prime?
False
Is 12227 a composite number?
False
Is 12451 composite?
False
Is 28337 prime?
False
Is 2819 prime?
True
Is 42909 a prime number?
False
Is 3016523 composite?
False
Is 27658 a composite number?
True
Is 4931 a prime number?
True
Is 43 a prime number?
True
Is 25429 a composite number?
True
Is 417723 a composite number?
True
Is 279301 a prime number?
False
Is 28871 a prime number?
True
Is 298055 prime?
False
Is 11383 a prime number?
True
Is 13649 prime?
True
Is 4822 composite?
True
Is 4751 prime?
True
Is 560797 prime?
True
Is 10583 a composite number?
True
Is 70969 a prime number?
True
Is 3511 a prime number?
True
Is 12799 prime?
True
Is 18191 prime?
True
Is 341686 a prime number?
False
Is 14485 prime?
False
Is 3973 a prime number?
False
Is 18113 composite?
True
Is 398101 prime?
False
Is 335243 a prime number?
False
Is 5269 composite?
True
Is 21991 a composite number?
False
Is 18019 a composite number?
True
Is 59971 a composite number?
False
Is 8885 prime?
False
Is 9125927 composite?
False
Is 46831 a composite number?
False
Is 221829 composite?
True
Is 746 prime?
False
Is 2153 a composite number?
False
Is 40141 a prime number?
False
Is 18701 composite?
False
Is 1336847 prime?
False
Is 75721 a prime number?
True
Is 39187 prime?
False
Is 23554 prime?
False
Is 12301 a prime number?
True
Is 8735 a composite number?
True
Is 2333 a prime number?
True
Is 80141 composite?
False
Is 7897 a composite number?
True
Is 105571 a composite number?
True
Is 301649 composite?
False
Is 135887 prime?
True
Is 11906 composite?
True
Is 5017 a composite number?
True
Is 27271 composite?
False
Is 96259 prime?
True
Is 337885 a composite number?
True
Is 262342 composite?
True
Is 40577 a composite number?
False
Is 943 a composite number?
True
Is 48649 prime?
True
Is 3709 a composite number?
False
Is 741337 composite?
False
Is 54059 prime?
True
Is 15545 a prime number?
False
Is 8513 a prime number?
True
Is 183569 a prime number?
True
Is 114313 prime?
False
Is 5737 prime?
True
Is 7318 composite?
True
Is 9199 a composite number?
False
Is 56659 composite?
False
Is 2115635 a prime number?
False
Is 24937 a prime number?
False
Is 30731 composite?
True
Is 2491 composite?
True
Is 990111 a composite number?
True
Is 436547 prime?
True
Is 407047 a composite number?
False
Is 94741 prime?
False
Is 1411759 prime?
True
Is 9391 a composite number?
False
Is 211 a prime number?
True
Is 18479 composite?
True
Is 580259 prime?
True
Is 667 a prime number?
False
Is 1477 prime?
False
Is 34051 composite?
True
Is 23503 prime?
False
Is 15986 composite?
True
Is 122267 a prime number?
True
Is 1152419 composite?
False
Is 14621 a prime number?
True
Is 1927795 composite?
True
Is 47455 prime?
False
Is 776541 prime?
False
Is 51049 a prime number?
False
Is 52037 a composite number?
True
Is 3097 a prime number?
False
Is 9091 a composite number?
False
Is 3261 composite?
True
Is 1072969 a composite number?
False
Is 759199 composite?
True
Is 871039 prime?
False
Is 2312593 a composite number?
True
Is 195949 composite?
True
Is 50239 composite?
True
Is 31051 prime?
True
Is 603149 composite?
False
Is 541349 composite?
False
Is 8791 a composite number?
True
Is 70823 composite?
False
Is 127685 a prime number?
False
Is 77447 composite?
False
Is 26083 a composite number?
False
Is 152183 a composite number?
False
Is 262763 composite?
True
Is 12659 composite?
False
Is 178067 a prime number?
True
Is 6071 a composite number?
True
Is 487 composite?
False
Is 78053 a composite number?
True
Is 34927 prime?
False
Is 2333 composite?
False
Is 2149 a prime number?
False
Is 35393 prime?
True
Is 579893 a composite number?
False
Is 39815 prime?
False
Is 11213 composite?
False
Is 79031 prime?
True
Is 487 composite?
False
Is 13403 composite?
True
Is 22823 a prime number?
False
Is 378619 a composite number?
False
Is 131315 prime?
False
Is 148787 composite?
True
Is 569983 a prime number?
True
Is 291077 composite?
False
Is 561229 composite?
False
Is 1037639 a prime number?
False
Is 1006 a prime number?
False
Is 125063 a composite number?
False
Is 1786327 a prime number?
True
Is 167677 composite?
False
Is 444517 composite?
False
Is 3667 composite?
True
Is 72799 a composite number?
True
Is 1373 a composite number?
False
Is 157733 prime?
True
Is 2789 a prime number?
True
Is 2221 a prime number?
True
Is 3637 prime?
True
Is 48233 a composite number?
True
Is 599669 prime?
False
Is 1061923 composite?
True
Is 1799071 prime?
T